thousands digit of 181700?
1
What is the tens digit of 845192?
9
What is the thousands digit of 9032986?
2
What is the hundred thousands digit of 19690615?
6
What is the ten thousands digit of 3150063?
5
What is the tens digit of 709334?
3
What is the hundred thousands digit of 2466070?
4
What is the ten thousands digit of 141061?
4
What is the thousands digit of 1006040?
6
What is the thousands digit of 499226?
9
What is the units digit of 820088?
8
What is the tens digit of 2003577?
7
What is the ten thousands digit of 657214?
5
What is the tens digit of 2622?
2
What is the millions digit of 1194512?
1
What is the units digit of 80654?
4
What is the ten thousands digit of 8919996?
1
What is the tens digit of 230061?
6
What is the units digit of 15130451?
1
What is the units digit of 14746712?
2
What is the hundred thousands digit of 102693?
1
What is the hundred thousands digit of 362772?
3
What is the units digit of 258109?
9
What is the tens digit of 281800?
0
What is the hundred thousands digit of 234768?
2
What is the units digit of 72287?
7
What is the millions digit of 13975274?
3
What is the ten thousands digit of 7972959?
7
What is the hundreds digit of 1271896?
8
What is the tens digit of 19506877?
7
What is the hundreds digit of 61946?
9
What is the units digit of 36913?
3
What is the tens digit of 9802?
0
What is the thousands digit of 6421309?
1
What is the hundred thousands digit of 225760?
2
What is the hundred thousands digit of 4290412?
2
What is the ten thousands digit of 2952530?
5
What is the hundred thousands digit of 1940041?
9
What is the hundreds digit of 2648618?
6
What is the hundreds digit of 232387?
3
What is the millions digit of 18361132?
8
What is the hundreds digit of 3577557?
5
What is the thousands digit of 13827029?
7
What is the units digit of 457447?
7
What is the ten thousands digit of 543526?
4
What is the millions digit of 5559392?
5
What is the hundreds digit of 143330?
3
What is the units digit of 1575160?
0
What is the hundred thousands digit of 1583848?
5
What is the ten thousands digit of 1121904?
2
What is the ten thousands digit of 29705?
2
What is the tens digit of 1476019?
1
What is the hundreds digit of 2096971?
9
What is the hundreds digit of 43059?
0
What is the thousands digit of 137786?
7
What is the ten thousands digit of 4206072?
0
What is the units digit of 121460?
0
What is the millions digit of 1163599?
1
What is the ten thousands digit of 128595?
2
What is the ten thousands digit of 12736394?
3
What is the units digit of 519367?
7
What is the hundred thousands digit of 584031?
5
What is the tens digit of 732673?
7
What is the hundred thousands digit of 2547126?
5
What is the hundreds digit of 1538421?
4
What is the thousands digit of 386043?
6
What is the hundreds digit of 649868?
8
What is the tens digit of 117904?
0
What is the hundreds digit of 24472172?
1
What is the hundreds digit of 1015388?
3
What is the thousands digit of 300280?
0
What is the ten thousands digit of 5707508?
0
What is the ten thousands digit of 90319?
9
What is the thousands digit of 75267?
5
What is the tens digit of 446070?
7
What is the thousands digit of 140541?
0
What is the millions digit of 6643277?
6
What is the units digit of 922269?
9
What is the hundred thousands digit of 132204?
1
What is the hundred thousands digit of 262212?
2
What is the ten thousands digit of 3799198?
9
What is the units digit of 253361?
1
What is the units digit of 291498?
8
What is the thousands digit of 6646491?
6
What is the hundred thousands digit of 183982?
1
What is the hundred thousands digit of 1409443?
4
What is the hundred thousands digit of 697142?
6
What is the tens digit of 3350068?
6
What is the hundred thousands digit of 1721495?
7
What is the tens digit of 2096470?
7
What is the thousands digit of 16109863?
9
What is the millions digit of 11588360?
1
What is the hundred thousands digit of 4865077?
8
What is the hundreds digit of 147030?
0
What is the thousands digit of 219853?
9
What is the hundreds digit of 6748136?
1
What is the units digit of 645088?
8
What is the hundreds digit of 139914?
9
What is the units digit of 14663778?
8
What is the tens digit of 58944?
4
What is the hundreds digit of 2563478?
4
What is the hundreds digit of 6370693?
6
What is the hundreds digit of 16157434?
4
What is the ten thousands digit of 225295?
2
What is the hundreds digit of 34296057?
0
What is the hundreds digit of 82238?
2
What is the hundreds digit of 1660625?
6
What is the hundred thousands digit of 1440079?
4
What is the thousands digit of 1019621?
9
What is the units digit of 254957?
7
What is the ten thousands digit of 66437?
6
What is the ten thousands digit of 3915873?
1
What is the hundred thousands digit of 12001748?
0
What is the hundreds digit of 29796234?
2
What is the hundreds digit of 614139?
1
What is the ten thousands digit of 725486?
2
What is the thousands digit of 1147512?
7
What is the tens digit of 421480?
8
What is the millions digit of 2010620?
2
What is the thousands digit of 460768?
0
What is the thousands digit of 59168?
9
What is the tens digit of 4535840?
4
What is the ten thousands digit of 530964?
3
What is the ten thousands digit of 55969?
5
What is the units digit of 13393826?
6
What is the ten thousands digit of 405751?
0
What is the ten thousands digit of 16514736?
1
What is the hundreds digit of 308045?
0
What is the tens digit of 562268?
6
What is the units digit of 772637?
7
What is the thousands digit of 5815491?
5
What is the units digit of 206475?
5
What is the tens digit of 451044?
4
What is the units digit of 60372?
2
What is the units digit of 551921?
1
What is the hundreds digit of 23742595?
5
What is the tens digit of 4165?
6
What is the thousands digit of 8257529?
7
What is the millions digit of 3665308?
3
What is the thousands digit of 4483859?
3
What is the tens digit of 226385?
8
What is the hundreds digit of 172124?
1
What is the hundred thousands digit of 2205884?
2
What is the ten thousands digit of 1250312?
5
What is the tens digit of 79749?
4
What is the tens digit of 1992015?
1
What is the units digit of 134690?
0
What is the hundred thousands digit of 2271593?
2
What is the ten thousands digit of 196619?
9
What is the units digit of 263632?
2
What is the thousands digit of 21244634?
4
What is the ten millions digit of 20958933?
2
What is the thousands digit of 531982?
1
What is the hundred thousands digit of 461100?
4
What is the thousands digit of 1735975?
5
What is the tens digit of 33219449?
4
What is the hundreds digit of 2131029?
0
What is the thousands digit of 398513?
8
What is the thousands digit of 333750?
3
What is the ten thousands digit of 1592619?
9
What is the hundreds digit of 1419771?
7
What is the thousands digit of 65597?
5
What is the hundreds digit of 453341?
3
What is the tens digit of 342324?
2
What is the units digit of 466708?
8
What is the ten thousands digit of 15265?
1
What is the units digit of 22527725?
5
What is the thousands digit of 363240?
3
What is the thousands digit of 913417?
3
What is the hundreds digit of 2531671?
6
What is the hundreds digit of 1193836?
8
What is the hundreds digit of 9752346?
3
What is the hundreds digit of 599876?
8
What is the hundred thousands digit of 405241?
4
What is the hundreds digit of 67953?
9
What is the tens digit of 734493?
9
What is the tens digit of 365635?
3
What is the tens digit of 380174?
7
What is the tens digit of 71907?
0
What is the thousands digit of 909390?
9
What is the hundred thousands digit of 461753?
4
What is the hundred thousands digit of 551085?
5
What is the hundreds digit of 151227?
2
What is the thousands digit of 530047?
0
What is the ten millions digit of 15159671?
1
What is the units digit of 81280?
0
What is the thousands digit of 5485640?
5
What is the tens digit of 660539?
3
What is the hundred thousands digit of 394037?
3
What is the thousands digit of 235996?
5
What is the thousands digit of 78433?
8
What is the thousands digit of 8512627?
2
What is the thousands digit of 88595?
8
What is the hundred thousands digit of 388270?
3
What is the hundred thousands digit of 221928?
2
What is the ten thousands digit of 79938?
7
What is the ten thousands digit of 744748